e 11, what is -163 - 1a?
-182
In base 3, what is -2000 + -200?
-2200
In base 15, what is -7d + 4?
-79
In base 9, what is 3 - 622?
-618
In base 8, what is -44 + 4?
-40
In base 16, what is 29 - 65?
-3c
In base 16, what is -4 + 16?
12
In base 2, what is 1101 + 1001110?
1011011
In base 9, what is 3 - 318?
-315
In base 9, what is 0 + 110?
110
In base 7, what is -2 - -11140?
11135
In base 5, what is -222013 + -10?
-222023
In base 7, what is 1030 + -13?
1014
In base 8, what is 55 + -1?
54
In base 2, what is -1100000 + 10?
-1011110
In base 15, what is -4 + -1b?
-20
In base 7, what is -21463 - 2?
-21465
In base 14, what is -12 - 1a5?
-1b7
In base 2, what is -1010100 + -10011?
-1100111
In base 3, what is 220022 - -111?
220210
In base 2, what is -110010100 - -11?
-110010001
In base 11, what is -3 + -8?
-10
In base 13, what is 374 + 4?
378
In base 6, what is -1442 - -5?
-1433
In base 15, what is -1 - -a8?
a7
In base 8, what is -653 - -2?
-651
In base 5, what is 300 - 1?
244
In base 11, what is -72 + -4?
-76
In base 6, what is -1120 + 3?
-1113
In base 9, what is -3 - -48?
45
In base 11, what is 24 + 164?
188
In base 9, what is 7607 + 1?
7608
In base 2, what is 100101 + -101?
100000
In base 4, what is 2 - 222?
-220
In base 16, what is -225 - 4?
-229
In base 4, what is -21 + 1130?
1103
In base 5, what is -2 - 3?
-10
In base 12, what is 56a - 5?
565
In base 15, what is 10 + -4?
b
In base 15, what is -20 - -28?
8
In base 3, what is 12 + 10010?
10022
In base 14, what is -98c - -5?
-987
In base 13, what is 1 + -1780?
-177c
In base 6, what is 4 + 31?
35
In base 3, what is -1110 + 110?
-1000
In base 12, what is -9a4 + 5?
-99b
In base 6, what is -2 + -234?
-240
In base 12, what is 8b5 - -5?
8ba
In base 8, what is 16 - 26?
-10
In base 11, what is -22 + 2?
-20
In base 11, what is -175 - 1?
-176
In base 7, what is 4 - 3506?
-3502
In base 5, what is 0 - -112?
112
In base 15, what is -109 - 2?
-10b
In base 8, what is 4 - -402?
406
In base 3, what is -20222121 - 11?
-20222202
In base 8, what is -46 - -2?
-44
In base 10, what is -4 - 1597?
-1601
In base 7, what is -5 - 26245?
-26253
In base 12, what is -2 - -18?
16
In base 6, what is -3523 - -4?
-3515
In base 4, what is 3 + -1012221?
-1012212
In base 15, what is -2 - -2495?
2493
In base 13, what is -3 + -553?
-556
In base 12, what is 6 + 49?
53
In base 4, what is -1 + 120?
113
In base 15, what is -9 + -1bc?
-1c6
In base 6, what is 0 - -1254?
1254
In base 14, what is -6 - -3?
-3
In base 2, what is 100100000 - -1?
100100001
In base 10, what is -14 - -30?
16
In base 8, what is 2 + -6475?
-6473
In base 2, what is -101 + -11011100?
-11100001
In base 14, what is 0 + -103?
-103
In base 13, what is -12 - -a?
-5
In base 16, what is -7f - -1?
-7e
In base 16, what is 4d - -3?
50
In base 10, what is -94 + -10?
-104
In base 3, what is 110 - 121?
-11
In base 10, what is -5 + 129?
124
In base 7, what is 3 + 10?
13
In base 3, what is 1212 - -10?
1222
In base 14, what is -732 - b?
-73d
In base 4, what is -1 + -3202?
-3203
In base 16, what is 3b - e?
2d
In base 16, what is 4 + 4b?
4f
In base 2, what is 1101 - 1001?
100
In base 9, what is -3 + 66?
63
In base 15, what is -18 - 47?
-60
In base 7, what is 2 - 3?
-1
In base 3, what is 10 - 212010?
-212000
In base 12, what is 2 + 45?
47
In base 5, what is -2110 + -24?
-2134
In base 11, what is -12aa + -3?
-1302
In base 4, what is -2 + -1122111?
-1122113
In base 13, what is 3 + 2808?
280b
In base 6, what is -1000 - 1?
-1001
In base 10, what is -5 - 14?
-19
In base 10, what is 87 - 4?
83
In base 6, what is 5 + 1340?
1345
In base 4, what is 1 - -223201?
223202
In base 11, what is -65 + -a4?
-159
In base 6, what is 42 + -2?
40
In base 9, what is 2 + 317?
320
In base 2, what is 11001000110 + -1?
11001000101
In base 6, what is -13 + -3045?
-3102
In base 12, what is 91 - 12?
7b
In base 11, what is -1 - 84?
-85
In base 16, what is e - 8?
6
In base 15, what is -148b - -2?
-1489
In base 13, what is 4 + -8?
-4
In base 15, what is 544 - 3?
541
In base 6, what is 2 + 11?
13
In base 15, what is -21 + -b?
-2c
In base 8, what is 5 + 2306?
2313
In base 4, what is -2113 + 1?
-2112
In base 13, what is 1bc - -3?
1c2
In base 10, what is -8 - -93?
85
In base 14, what is 5 - 4?
1
In base 5, what is -34 - 201?
-240
In base 14, what is -1 - 288?
-289
In base 12, what is -7 + -3b3?
-3ba
In base 6, what is -421 - -55?
-322
In base 6, what is 43 + -5?
34
In base 4, what is -11 - 1223?
-1300
In base 2, what is 1 + -1001001001?
-1001001000
In base 15, what is 68 - 0?
68
In base 12, what is -46 - a?
-54
In base 6, what is -11 + 1150?
1135
In base 9, what is -2 + -7?
-10
In base 12, what is 3334 + 4?
3338
In base 3, what is -12211 - 12?
-20000
In base 16, what is c - 74?
-68
In base 8, what is 0 + 2553?
2553
In base 6, what is -4300 - -3?
-4253
In base 6, what is -1 + 222?
221
In base 14, what is 28c - 7?
285
In base 14, what is -2 - 64d?
-651
In base 14, what is -65d + -4?
-663
In base 12, what is 4 + -696?
-692
In base 15, what is 126 + -1?
125
In base 9, what is 1244 + -4?
1240
In base 10, what is -4 - -347?
343
In base 5, what is 101 - -14?
120
In base 7, what is -416 - 0?
-416
In base 16, what is -2e7 - -2?
-2e5
In base 7, what is 3 + 111?
114
In base 4, what is -100 + 201?
101
In base 15, what is 85 + 3?
88
In base 16, what is 3 + 8f5?
8f8
In base 15, what is -115 - -4?
-111
In base 16, what is 3d + 278?
2b5
In base 10, what is 10 + -45?
-35
In base 8, what is 15473 + -2?
15471
In base 15, what is -a + 19?
e
In base 14, what is -933 - 4?
-937
In base 7, what is 621 + -12?
606
In base 4, what is 1001 - -3123?
10130
In base 4, what is 100322 - -12?
101000
In base 16, what is 18d3 - 0?
18d3
In base 11, what is 30 + 4?
34
In base 6, what is 5 + 1014?
1023
In base 6, what is -3145 - 5?
-3154
In base 8, what is -1 - -602?
601
In base 3, what is 20201 + -21?
20110
In base 11, what is 63a - -15?
654
In base 8, what is -201 - 4?
-205
In base 5, what is -212 + 30?
-132
In base 10, what is -10008 + 4?
-10004
In base 5, what is -2 + -13420?
-13422
In base 6, what is 5 - 1130?
-1121
In base 13, what is 267c + -4?
2678
In base 13, what is -118 + 1c?
-c9
In base 14, what is -7 + 21?
18
In base 5, what is 102311 + -4?
102302
In base 10, what is 34 - -4?
38
In base 13, what is -2 + c4?
c2
In base 8, what is 2241 - -3?
2244
In base 7, what is 4 - -316?
323
In base 12, what is -1b - 12?
-31
In base 12, what is -5 - -434?
42b
In base 11, what is -77a7 + 3?
-77a4
In base 13, what is 12c - b?
121
In base 12, what is -28 - -15?
-13
In base 3, what is 1200 + 211?
2111
In base 7, what is 6 - 2?
4
In base 8, what is -17 - -144?
125
In base 10, what is 13749 + -5?
13744
In base 13, what is 13 + -1?
12
In base 6, what is -5 + 1000?
551
In base 13, what is 3 + 15?
18
In base 10, what is 3 + 44?
47
In base 14, what is -1 - 98?
-99
In base 14, what is 1 - 6c?
-6b
In base 5, what is 3 + 4042?
4100
In base 14, what is -846 + -6?
-84c
In base 13, what is -a + -16?
-23
In base 15, what is 22 + 6b?
8d
In base 12, what is -809 - 2?
-80b
In base 10, what is -5698 - -1?
-5697
In base 3, what is 111 - -12110?
12221
In base 4, what is -1212 + 3?
-1203
In base 11, what is 1 - 257?
-256
In base 14, what is -d4 + 2?
-d2
In base 8, what is 1 - 172?
-171
In base 10, what is 783 + -1?
782
In base 12, what is -436 + 5?
-431
In base 3, what is 1122 - -10?
1202
In base 7, what is -4 + 16466?
16462
In base 6, what is -415 - 1?
-420
In base 3, what is -22112102 + 11?
-22112021
In base 6, what is 1521 - -11?
1532
In base 5, what is -412 + 12?
-400
In base 16, what is -3be + -4?
-3c2
In base 2, what is -1000111010 - -100?
-1000110110
In base 13, what is -3 + -375?
-378
In base 15, what is a + -1?
9
In base 9, what is -4685 - 4?
-4700
In base 12, what is -149 + 26?
-123
In base 12, what is 19 + -46?
-29
In base 8, what is 26 - 2?
24
In base 9, what is -6 + -17?
-24
In base 14, what is 5 + 923?
928
In base 12, what is -542 - 8?
-54a
In base 7, what is 2 + 100?
102
In base 4, what is -1 - 222031?
-222032
In base 15, what is 746 - 4?
742
In base 13, what is 42 + -c?
33
In base 12, what is 3 - 862?
-85b
In base 2, what is 10100101 + 0?
10100101
In base 15, what is 2 + 20?
22
In base 11, what is 1 - 57?
-56
In base 15, what is -99 + -3?
-9c
In base 6, what is -102 + 253?
151